lculate (2 - 2) + (-4 - (3 + -4)).
-3
Evaluate -15 + 7 + (7 - 1).
-2
What is the value of (-5 - -2) + (-13 - -19)?
3
Evaluate 2 + -5 + 5 - (-9 - -15).
-4
Calculate 2 - ((-6 - (-11 - -6)) + 1).
2
5 + -3 - (0 + -3 + 8)
-3
What is 1 + 12 + -12 + (4 - 3)?
2
What is -17 - -9 - (4 - 6)?
-6
Calculate 0 + -2 + (-4 - (0 - 1)).
-5
Calculate 3 - (-2 - -1 - 0 - -4).
0
Calculate -2 + (-4 + -4 + 7 - -3).
0
What is 1 - -1 - (-2 - -9)?
-5
What is the value of -6 - (-9 - -10 - (0 + 2))?
-5
What is the value of (-9 - (6 - 9)) + (-2 - -6)?
-2
Evaluate -6 - (1 + 1 - (18 - 13)).
-3
Evaluate -1 + 0 - (-16 - -18).
-3
Evaluate -16 - -6 - -9 - 3.
-4
Calculate (-6 - -4) + (-4 - (0 - 2)).
-4
What is the value of 4 - ((-1 - -1) + (-24 - -25))?
3
What is 0 - (6 - (4 - -2))?
0
What is the value of -7 + 10 + (6 - 10)?
-1
What is (4 - 3 - -2) + -8?
-5
Calculate -2 + (-2 - -3 - 0) + 3.
2
Evaluate -14 - -3 - (-9 - -1).
-3
Calculate -7 + 2 + -3 + -3 + 7.
-4
Evaluate -9 + 13 + -5 + -1 + -1.
-3
3 + (-1 - 0) + -2 - 3
-3
What is 0 - 1 - (-5 - -6 - 1)?
-1
Evaluate 3 + -6 + (-6 - -4 - -2).
-3
What is 6 + -3 + 5 - 3?
5
7 + (-5 + -1 + -2 - -4)
3
-5 + (-1 - (2 - 7)) + 2
1
Evaluate -3 - -8 - (4 + 2).
-1
(64 - 57) + (-2 - 0)
5
What is the value of 10 - 21 - (5 + -12)?
-4
Calculate 32 - 26 - (4 + -1).
3
Calculate -3 + 7 + -9 + (4 - 2).
-3
Evaluate 0 + -9 + -5 - -10.
-4
(3 - (-1 - 3)) + -10
-3
What is the value of 3 + 6 + (0 - 4)?
5
Calculate 8 - 2 - (-4 - -6).
4
-2 + -6 + 2 + (-3 - -4)
-5
What is 5 + (-4 - 2 - 2)?
-3
What is 6 + -2 + -1 + 0 + -3?
0
What is (7 - 15) + 8 - -2?
2
Evaluate -1 + 0 - (-3 - -6).
-4
-9 + 6 - (-3 - 7)
7
What is the value of (-80 - -84) + 4 + -1 + -1?
6
Evaluate 6 + (-5 - -1 - (32 + -35)).
5
What is -8 + 0 + (35 - 18) + -5?
4
What is the value of 5 + -3 + 3 + -6?
-1
What is 5 - 1 - (-15 + 7 - -11)?
1
Calculate -7 - (2 - 5) - 1 - -11.
6
Calculate (6 - 0) + (-55 - -43).
-6
-8 + 7 - (-11 - -5)
5
What is (-1 - 0) + 3 + -1 + -3?
-2
Calculate 1 + -4 + 6 + -11 + 17.
9
Calculate -9 - -11 - (1 - -3).
-2
Evaluate 0 + -5 + 3 + -2 + -1.
-5
Calculate 6 + -11 + -5 + 9 - 6.
-7
What is the value of 6 - (-8 + 18) - (-5 - -1)?
0
What is -7 - -7 - (-1 - (2 - -5))?
8
Evaluate (0 - -3) + (-5 - (-6 - -2)).
2
What is -73 + 71 - (1 - 14)?
11
Calculate 7 + 0 + -4 - (5 - 0).
-2
Evaluate 81 + -86 + (-3 - (-2 - -1)).
-7
6 - ((-15 - -9) + 6)
6
Calculate -6 + 1 - (-10 - 2).
7
Calculate 2 - (0 + -2 + 3).
1
Evaluate 7 - (2 + 6 - -5).
-6
Evaluate -4 - (0 + -9 + -10 + 10).
5
-4 + 12 + 10 + -19
-1
Evaluate -1 + 0 - (-4 - (-5 + -2)).
-4
Evaluate (1 - (4 + 1)) + -1.
-5
What is 0 + (-1 - (-2 + 3)) - -2?
0
Calculate -5 + 9 + -7 + 4.
1
Calculate -3 - 0 - -3 - -2.
2
What is the value of -1 + 5 - (8 + 2 + -3)?
-3
Evaluate (1 - (6 + -4)) + 6.
5
Evaluate (1 - (-1 + 0)) + -60 + 54.
-4
Evaluate (0 + (-3 - 2) - -5) + -5.
-5
(-2 - -2) + 0 + -3 - 2
-5
What is the value of (-1 - 2) + (-23 - -23)?
-3
What is -11 + (2 - -4 - 0) + -1?
-6
What is -1 + 9 - (-1 + 10)?
-1
Evaluate 3 + (-8 - 1 - -5) + -2.
-3
What is the value of -25 + 25 - (0 - -1)?
-1
Calculate 4 + 7 + 1 + -10.
2
What is the value of 6 - 5 - 2 - 3?
-4
What is (-33 - -38) + (1 - 7)?
-1
What is (-3 - (1 - -2)) + 4?
-2
What is the value of -2 + 2 + -9 + 3?
-6
What is (0 - -3) + -8 + (15 - 2)?
8
0 - 1 - (1 + (1 - 3))
0
2 + (1 - 0) - (19 - 11)
-5
13 - (4 + -4 + 8 + -6)
11
What is the value of -3 + 1 - (-7 - -5)?
0
What is the value of 7 - (-6 - -4) - 5?
4
2 - (4 + (-4 - 0))
2
What is -14 - -4 - -2 - -1?
-7
What is 14 - (15 - (4 + 3))?
6
What is 1 + 5 + -5 + -6?
-5
1 + -7 - -1 - -9
4
What is the value of 3 - ((10 - 5) + -4)?
2
-84 + 85 + (5 - 0)
6
What is 0 - 1 - (2 + -8 - -6)?
-1
Calculate (-2 - 2) + 61 + -54.
3
What is the value of 13 + (-25 - -14) + -2 + 0?
0
Evaluate 2 - (1 + 2 - 3) - 6.
-4
Calculate 4 - 0 - (4 - (2 - 2)).
0
What is -3 + -1 + 4 + -1 + 0?
-1
-7 + (2 - (-1 - -1)) - -2
-3
What is the value of 2 + 7 - 9 - (0 + -5)?
5
5 + (-1 - (-6 - -8))
2
Evaluate (-6 - (-9 + 12)) + 1 + 1.
-7
What is the value of -3 - -6 - (10 + -4)?
-3
2 - 2 - (2 - (15 - 18))
-5
Calculate (-4 + 1 - -2) + (2 - -4).
5
What is the value of 3 + -1 + 14 + -20?
-4
(0 - -4 - (-6 - -9)) + 0
1
Evaluate 0 - (-2 - 1 - -3).
0
What is 1 + 2 - (0 + 3 - -3)?
-3
Calculate (-5 - 2) + (5 - 3).
-5
Evaluate -6 + -8 + 7 + 12.
5
Calculate (-3 - 1) + 2 + (11 - 4).
5
Calculate (5 - (-1 + 9)) + -2.
-5
What is the value of -4 - (-26 + 18 + 3 + 0)?
1
(-2 - 1) + (12 - 10) + -2
-3
Calculate -4 + 11 - (-2 - -17).
-8
What is 23 + -25 + -1 + 3 - -5?
5
Calculate 1 + -5 + 5 + -4 + -3.
-6
Calculate -1 + (8 - 10 - -8).
5
What is 6 + -4 - (-1 - (4 + -8))?
-1
What is (4 - (0 - -1 - -1)) + 3?
5
-5 + 0 - (-6 - -1)
0
Calculate 1 + 0 + -4 + 5 + -1.
1
(5 - 0) + (-6 - (-14 - -19))
-6
(-2 - (3 + 1)) + 6
0
What is 1 + -9 + 5 + -3?
-6
What is the value of (-4 - (1 - 1)) + 6?
2
Evaluate (-18 - -6) + (0 - -6).
-6
Evaluate -8 - 3 - (14 + -25).
0
Calculate 6 - (3 + 3 - 3 - 5).
8
What is 4 - (-2 - -3 - -3)?
0
Evaluate -6 + (0 - -9 - (-36 - -40)).
-1
(18 - 8) + -11 - (0 - -5)
-6
What is the value of (-3 - (-18 + 4 - 2)) + -7?
6
What is the value of (-2 - -7) + -13 + 3?
-5
What is the value of 4 + 4 + -2 + (-2 - -1)?
5
Evaluate -15 + 4 - -2 - -4.
-5
Evaluate 22 + -23 + (2 + -2 - -9).
8
-4 - (-1 - (0 - (-1 - 2)))
0
Evaluate 6 + (-7 - (9 + -6)).
-4
Calculate -4 - (-2 + 2) - -13 - 4.
5
What is (3 - -3 - (11 - -1)) + 2?
-4
What is the value of (-6 + 1 - -9) + -6?
-2
1 - ((-2 - -1) + 8 + -7)
1
Evaluate 5 - (0 - -1 - (10 - 14)).
0
What is (9 - 18) + 0 + 5?
-4
Calculate 13 - 3 - 9 - -3.
4
Calculate (2 - -3) + -3 + -7.
-5
Evaluate -1 + 1 - (7 + -2 - 10).
5
-2 + (3 - 4) - -3
0
Calculate -4 - (-3 + -3) - -1 - 3.
0
What is the value of (13 + (-4 - 3) - 0) + -12?
-6
What is the value of 5 - (5 + 4 + -5 + 1)?
0
Calculate -4 + (-3 - 4 - -14) + -6.
-3
Calculate -4 + 5 - -4 - 10.
-5
Evaluate (-8 - (-7 + 0)) + -5 - -7.
1
(1 - (-8 + -12 - -4)) + -7
10
Calculate 7 + -2 + -5 - 3 - 0.
-3
Evaluate 5 + -2 - (0 - -1).
2
Calculate 0 + 1 + 8 + -3 + -7.
-1
What is the value of 6 - (-1 + 8 + -5)?
4
What is the value of 1 - ((-6 - -8) + (2 - 1))?
-2
Calculate (0 - 1 - -5) + -9.
-5
Evaluate -1 + 2 + -4 - (17 + -19).
-1
What is the value of 1 + (-1 - (-3 + -1) - -2)?
6
Calculate (0 - (7 - 1)) + 2 + 3.
-1
Evaluate 1 + -3 - -1 - 1 - -7.
5
-6 + -9 + 6 + -2 + 3
-8
-2 + 7 - (0 + 3 + 4)
-2
What is 7 - -3 - (-13 + 15)?
8
What is -59 + 58 + -2 + -1?
-4
-1 - 0 - (49 + -46)
-4
What is -7 - 6 - (-23 - -8)?
2
-1 + (-2 - -1) + (9 - 10)
-3
What is 0 - 0 - ((4 - 0) + -6)?
2
4 - (2 + (-3 - -1))
4
-4 + (-4 - (-11 - -4))
-1
Evaluate 0 + 1 + 0 + (3 - 6).
-2
What is (0 - (1 + 0)) + (33 - 33)?
-1
7 - (6 + 1) - (-3 - 0)
3
Evaluate (-19 - -15) + (-1 - (-2 - -1)).
-4
Calculate -25 + 27 - (4 - 0) - -4.
2
Evaluate (-5 - (-3 + -11 + 2)) + -7.
0
Calculate -4 + 1 - ((-8 - 8) + 10).
3
Calculate -2 - 0 - (5 + (-28 - -20)).
1
What is 1 + 2 + -3 + 2 + -3?
-1
4 - -8 - (-3 - (-10 - 1))
4
-8 + 1 + 10 + -2
1
What is 3 + -3 + -4 + 0?
-4
(-9 - (-4 + -3)) + -1
-3
Calculate 2 - (-3 + 5) - -4.
4
Calculate 0 + 2 + -6 - -3.
-1
(-6 - ((13 - 6) + -10)) + 2
-1
-6 - ((-5 - -1) + -3 + 7)
-6
-1 - (3 - (8 - 5))
-1
What is the value of (2 + -9 - -5) + 3?
1
Calculate (2 - (-2 - -3)) + -3 + 2.
0
Calculate (3 - (1 - (4 + -3))) + -3.
0
Calculate (-2 - -1) + (-2 - -4 - 2).
-1
Calculate (0 - 0) + -7 + 3 + 5.
1
What is the value of 53 + -54 + -1 + -4?
-6
Evaluate 2 + 4 + -13 - (-1 + -1).
-5
3 + -1 - 9 - -7
0
Calculate (6 - (1 + 1)) + -3 + -1.
0
What is the value of -5 - (-11 - -3) - (4 + -7)?
6
What is 0 - (-5 - -11) - (6 + -12)?
0
Calculate 5 + 0 + -20 + 17.
2
What is the value of -6 - (2 - (8 + -3))?
-3
(-4 - (8 - 14 - -10)) + 16
8
Calculate 4 + 5 + (3 - 12).
0
(50 - 44) + (1 - 1)
6
What is -17 + 21 + (0 - 6)?
-2
0 + (5 - -4 - 14)
-5
Calculate 0 - (13 - 11) - -8.
6
What is 5 + 6 + -5 + -2?
4
(-22 - -21) + (0 - 2 - 2)
-5
0 - 6 - -3 - (0 + -2)
-1
Evaluate (-4 - 1) + (-1 - (7 + -4)).
-9
1 + 0 + -1 - 5
-5
What is the value of 0 - (-7 + 4 - 2)?
5
Evaluate 50 + -57 + (1 - -3).
-3
Calculate 1 - 19 - (-33 + 20).
-5
What is -3 - (0 + -3) - -1?
1
What is the value of -1 - (-2 + 0) - (0 - 1)?
2
Evaluate -9 + (5 + (-7 - -4) - -1).
-6
What is the value of 4 - (0 + 4 - -1 - 2)?
1
-2 + 2 + 5 + 7 + -12
0
(-11 - 2 - 7) + 11
-9